-137. What is the hundreds digit of r?
1
Let o(b) = 3*b + 12. Let h be o(-9). What is the units digit of 80*((-72)/h)/3?
8
Let y(x) = 5*x - 11. Let h = 15 - -17. Let a = h - 23. What is the tens digit of y(a)?
3
Let v(i) = -i**3 - 5*i**2 + i + 5. Let s be v(-5). Suppose t = 4*f - 57, s*f - 71 = -5*f + t. Suppose 0*w = 2*w - f. What is the units digit of w?
7
Suppose 0 = -g + 549 - 79. What is the units digit of g?
0
Let n be 1/(((-20)/(-85))/(-4)). Let p(r) = r**3 + 15*r**2 - 35*r + 2. What is the tens digit of p(n)?
1
Suppose -w - 2 = -0*w. Let q = w - -46. What is the tens digit of q?
4
Let s(h) = 3*h - 28. Let a be s(9). What is the units digit of 2*(-4 + -34)*a?
6
Let l = -506 + 778. What is the hundreds digit of l?
2
What is the thousands digit of (-880)/99 + 9 + 132872/36?
3
Let h(t) = -3*t**2 - 2*t + 1. Let d = 4 + -6. Let q be h(d). Let v = 10 + q. What is the units digit of v?
3
Let i = -82 + 51. Let o = -48 - i. Let t = o + 42. What is the units digit of t?
5
Suppose 5*y = 7 - 2, -2*t - 17 = 3*y. Suppose -5*s + 4*n = -68, -s - 2*n + 7 + 15 = 0. Let l = s + t. What is the units digit of l?
6
Let j be (-7)/(2/(2 + 0)). What is the units digit of (-212)/j - (-2)/(-7)?
0
Suppose -4*l = -y + 29, 4*y - 186 = 2*l - 0. Suppose -3*b = p - y, b = -p - 2*p + 187. What is the units digit of p?
4
What is the units digit of ((-2)/(-2) + 3355/33)*3?
8
What is the hundreds digit of (-32)/(-24) + (-5492)/(-12)?
4
Let s = 14 + -10. Suppose 31 = -3*f + s*f. Let o = f - 14. What is the units digit of o?
7
Let d(x) = -6*x**3 - 5*x**2 - 8*x - 60. What is the tens digit of d(-5)?
0
What is the units digit of 1311/3 - (16 + -15)?
6
Let h = -21 + 26. What is the tens digit of (114/h)/((-24)/(-10) + -2)?
5
Suppose 3*n + 1 = -2. Let m = 54 - n. What is the tens digit of m?
5
Let z = -96 - -652. What is the hundreds digit of z?
5
Let v(r) = -57*r + 343. What is the units digit of v(-20)?
3
Suppose -2*u - 2*j + 1538 = -0*u, j - 4 = 0. What is the units digit of u?
5
Suppose -1440*k = -1436*k - 2800. What is the tens digit of k?
0
Let k = -1117 - -1636. What is the hundreds digit of k?
5
Let g be ((-10)/(-4))/((-2)/(-4)). Suppose -r = 5*c + 105, -g*c - 6*r + r = 85. Let w = 72 + c. What is the tens digit of w?
5
Suppose -48*x + 1 = -47*x. What is the tens digit of (-16)/40 - (x + (-3006)/15)?
9
Let a(r) = 46*r**2 - 2*r + 3 + r**3 - 6*r - 39*r**2. What is the units digit of a(-8)?
3
Let w(c) = -c**3 - 10*c**2 + c + 20. Let o be w(-10). What is the units digit of (2 + 2)*(95/o - 1)?
4
What is the units digit of (-7)/(-14) - -3*471/18?
9
Suppose -17*l + 3036 = -11*l. What is the tens digit of l?
0
Let y be 1*(-11 - (-8)/4). Let p be (-18)/24 + y/(-12). Suppose 186 = 4*g - p*g - 2*r, -3*g + 142 = -r. What is the units digit of g?
9
Let h be 3*10/(-45)*(-15)/2. Suppose -319 = -h*f + m, 4*f = -4*m + 178 + 82. What is the units digit of f?
4
Let r(q) = q**2 + 4*q + 12. Let b be r(-6). Suppose -3*h = -3*w - b, -h + 2*w = -3*h. What is the units digit of h?
4
Let i = 8 - 6. Suppose 22 = -v - 4*z, 3*v + 50*z - 55*z = 19. What is the units digit of (v - i - 2)*-1?
6
Suppose -a - 8 = -12. Suppose -4*y = a*f - 76, 2*y - f = -0*f + 35. What is the tens digit of y?
1
Let c = -35 + -57. Let i = c + 153. What is the tens digit of i?
6
Let y(t) = t - 35. Let p(b) = -3*b + 138. Let s(l) = -5*p(l) - 21*y(l). What is the units digit of s(4)?
1
Let q(g) = g**2 - 12*g + 15. Let n be q(12). Suppose -2*x - 4 + 10 = 0, -x = s - n. What is the units digit of s?
2
Let k(s) = 62*s + 19. Let y be k(7). Let j = -220 + y. What is the units digit of j?
3
Suppose -9 = -5*l - 4. What is the hundreds digit of l/(-1)*173/(-1)?
1
Suppose -5*o = -6 - 14. What is the units digit of (-3)/2 + 2 - (-70)/o?
8
Suppose 4*o - 3689 = -3*o. What is the units digit of o?
7
Let u(i) = -267 - 23*i - 24*i + 258. What is the tens digit of u(-2)?
8
Suppose 9*u - 651 = 8*u - f, -5*f = 3*u - 1963. What is the units digit of u?
6
Suppose -s - 56 + 0 = 0. What is the tens digit of ((-203)/(-2))/((-28)/s)?
0
What is the units digit of 48/(-4*9/(-312))?
6
What is the units digit of 4/(-24) - 2788/(-24)?
6
Suppose 0*l - v = 3*l - 15, 5*l = -4*v + 32. Suppose -1 = 2*z - o, -3 + 2 = -l*z - o. Let y = 21 + z. What is the tens digit of y?
2
Let v(z) = 86 + 3*z + 0*z**2 + 4*z**2 + 11 - 6*z**2. What is the tens digit of v(0)?
9
Let s(q) = -10*q**2 + 8*q + 5. Let k(f) = 9*f**2 - 8*f - 4. Let w(z) = 5*k(z) + 4*s(z). What is the tens digit of w(6)?
3
Suppose 0 = 71*t - 76*t + 12765. What is the hundreds digit of t?
5
Suppose -80 = -5*v + 4*a, v + 6 = -4*a - 2. What is the units digit of v?
2
Let i(p) = p**3 - 11*p**2 + p - 9. Let s be i(11). Suppose -s*v = -v. Suppose 2*m + 0*k - 4*k - 34 = v, -3*m - 4*k + 31 = 0. What is the tens digit of m?
1
Let i = 101 + -229. Let t = i - -238. What is the units digit of t?
0
Let a(u) be the third derivative of -u**4/4 + 9*u**3/2 - 17*u**2. What is the hundreds digit of a(-18)?
1
Suppose -4*g + g - 697 = 4*w, -w + g = 169. Let q = 482 + w. What is the hundreds digit of q?
3
Suppose 10*s - 2285 = 5*s. What is the hundreds digit of s?
4
What is the units digit of 1442/22 + ((-210)/(-55))/(-7)?
5
Suppose 0 = 3*a - 69*v + 67*v - 2962, -5*v - 1982 = -2*a. What is the tens digit of a?
8
Let d(f) = -2*f**2 - 11*f + 8. Let x be d(-6). Suppose x*m = 721 - 255. What is the tens digit of m?
3
Let n(x) = x**3 - 5*x**2 - 3*x + 5. Let u be n(4). Let w = u - -25. What is the units digit of w?
2
Let i = -125 + 131. Suppose i*d - 1396 = 446. What is the units digit of d?
7
Suppose 2*z = -b + 1223 + 2293, -z - b = -1759. What is the tens digit of z?
5
Suppose 6*m = 4525 - 1267. What is the units digit of m?
3
Let d(f) = -f**2 + 6*f - 5. Let p be d(5). Let x = 291 - 99. Suppose 0 = -5*t + 5*z + 23 + x, p = -3*z - 3. What is the units digit of t?
2
Let t be 108/(-4)*2/(-3). What is the units digit of 148/t - (-14)/(-63)?
8
Let c(w) = w**3 - 6*w**2 + w - 4. Let r be c(6). Let d be 3 - (4 - (r + -1)). Suppose 0 = -d*n - n + 22. What is the units digit of n?
2
What is the tens digit of 626 - 0 - 2*(-5 - -6)?
2
Let f(p) = -4*p**2 + 10*p + 8. Let r(d) = -5*d**2 + 11*d + 8. Let h(s) = 4*f(s) - 3*r(s). Let n be 4/(-10) + 2923/395. What is the units digit of h(n)?
8
Let m = -573 + 1027. What is the tens digit of m?
5
Let c(a) = 2*a**2 - 4*a + 5*a + 5*a**2 + 23 - a**3 + 2*a**2. What is the tens digit of c(8)?
9
Let y = 71 + -16. Let z(h) = 2*h**3 - 2*h**2 - 2*h + 2. Let l be z(-2). Let p = l + y. What is the units digit of p?
7
Suppose -o + 5*l - 3308 = -5*o, -4*o + 3344 = -4*l. What is the units digit of o?
2
Let x(l) = -l**2 + 4*l + 23. Let i be x(-3). Suppose 485 = 3*h + i*p, -2*h + 321 = -2*p + p. What is the tens digit of h?
6
Let m(c) = -16*c**2 - c + 3. Let u(q) = 81*q**2 + 6*q - 15. Let k(j) = -11*m(j) - 2*u(j). What is the hundreds digit of k(-3)?
1
Suppose -3*d + 3517 = 4*k, -2*d - 1387 = -2*k + 375. What is the units digit of ((-27)/18)/((-6)/k)?
0
Let b = 9 + -5. Suppose 0*o - b = -4*o. What is the units digit of (o + -2)*(4 - 5)?
1
Suppose 19*y = -9939 + 30060. What is the units digit of y?
9
Let n be (4/(-12))/(1/(-54)). Suppose n = h - 10. What is the units digit of h?
8
Let x(z) = z**2 + 8*z + 15. Let p be x(-7). Suppose p*l - 619 = 237. What is the units digit of l?
7
Suppose 4*n = -r + 1395, -n + 184 = 5*r - 141. What is the tens digit of n?
5
Let r(x) = 170*x**2 - 42*x + 14. What is the thousands digit of r(4)?
2
Let q(h) = 4*h**2 - 3*h + 2. Let j be q(1). Suppose -l - j*l + 6 = -2*c, -12 = -4*c. What is the tens digit of l + -2*(-18)/4?
1
Let h(x) = x**2 + 6*x - 9. Let v be ((-4)/(-6))/((-2)/(-12)). Suppose v*n + 16 = 2*n. What is the units digit of h(n)?
7
What is the units digit of (12/(-6) + -3 - -1) + 858?
4
Suppose -44*l = -21*l - 4761. What is the units digit of l?
7
Suppose 1074 = 9*k - 11409. What is the units digit of (k/(-57))/(1/(-9))?
9
Suppose 0 = 26*r - 30*r - 132. Let z = 33 - r. What is the units digit of z?
6
Suppose z + 12 = -3*z. Let n(d) = 3*d**2 - 2*d - 3. Let b be n(z). What is the tens digit of ((-10)/4)/((-3)/b)?
2
Let i(b) = -11*b**2 - 28*b - 7. Let l(d) = 4*d**2 + 9*d + 2. Let c(n) = 2*i(n) + 7*l(n). Suppose 0 = 3*h + 2 + 7. What is the tens digit of c(h)?
3
Suppose 0 = -4*